 s(-1).
23
Let p(i) = -4*i + 74. Determine p(-13).
126
Let d(u) = -413*u + 3684. Give d(9).
-33
Let s(r) = -13*r + 938. Give s(21).
665
Let g(i) = -i**2 - 12*i + 4. Give g(-15).
-41
Let g(p) = p**3 - 8*p**2 + 21*p - 20. Give g(3).
-2
Let q(h) = 501*h - 1001. What is q(2)?
1
Let a(u) = u**2 - 89*u - 660. Determine a(-7).
12
Let g(l) = -l**2 - 1776*l - 647163. Give g(-512).
5
Let l(f) = 420*f - 402. What is l(1)?
18
Let z(g) = g**3 - 47*g**2 + 106*g - 810. Give z(45).
-90
Let s(p) = p**2 - 32*p - 180. Give s(37).
5
Let t(g) = 167*g + 4542. Determine t(-27).
33
Let w(g) = 10*g + 24. Determine w(7).
94
Let n(o) = -2*o**2 + 59*o - 148. What is n(23)?
151
Let x(f) = -5*f**3 - 139*f**2 + 11*f - 20. Determine x(-28).
456
Let r(p) = p**3 + 41*p**2 - 30*p + 2402. Determine r(-43).
-6
Let r(g) = 4*g**2 - 29*g + 10. What is r(5)?
-35
Let n(p) = 287*p - 824. Determine n(3).
37
Let o(g) = -g**3 + 37*g**2 - 235*g + 96. Determine o(29).
9
Let i(d) = d**3 + 7*d**2 - 4*d - 86. Give i(-6).
-26
Let d(w) = -w**2 - 39*w - 265. Determine d(-33).
-67
Let n(b) = -114*b + 5989. Determine n(52).
61
Let d(m) = 2*m**3 - 25*m**2 - 48*m + 63. Determine d(14).
-21
Let h(n) = -2*n**2 - 139*n + 96. What is h(-70)?
26
Let c(t) = 3*t**3 + 263*t**2 - 79*t + 791. Calculate c(-88).
-1
Let z(o) = o**2 - 115*o + 35. Give z(118).
389
Let y(z) = -z**3 - 47*z**2 - 139*z - 311. Calculate y(-44).
-3
Let n(q) = -95*q - 158. What is n(-7)?
507
Let o(m) = m**2 + 23*m + 11. Give o(-23).
11
Let j(w) = -w**2 - 434*w - 11720. Determine j(-29).
25
Let t(f) = f**3 - 19*f**2 + 88*f + 8. Determine t(8).
8
Let o(a) = 3*a**2 - 282*a + 4112. What is o(18)?
8
Let l(q) = -23*q + 146. Determine l(19).
-291
Let k(t) = -159*t - 10348. What is k(-65)?
-13
Let p(c) = 16*c**2 + 439*c - 715. Determine p(-29).
10
Let r(z) = -245*z + 15285. Give r(62).
95
Let f(w) = w**3 + 11*w**2 + 40*w + 240. Give f(-9).
42
Let m(g) = -g**3 - 20*g**2 + 42*g - 21. Determine m(-22).
23
Let a(l) = -6*l**2 + 65*l - 89. What is a(9)?
10
Let o(g) = 915*g - 18288. Give o(20).
12
Let m(y) = -213*y - 59. Give m(5).
-1124
Let b(j) = 8*j**2 + 136*j + 20. What is b(-17)?
20
Let v(d) = 2281*d - 36493. Calculate v(16).
3
Let h(v) = 294*v + 19085. What is h(-65)?
-25
Let g(o) = -2*o**3 - 53*o**2 + 139*o - 96. Calculate g(-29).
78
Let a(c) = 6*c - 19. What is a(7)?
23
Let t(l) = -591*l + 2363. Give t(4).
-1
Let r(m) = m**3 - 4*m**2 + 14*m - 56. Calculate r(4).
0
Let m(n) = 222*n - 332. Give m(2).
112
Let d(p) = -p**2 - 25*p + 163. Calculate d(12).
-281
Let z(n) = -3*n**3 - 13*n**2 - 64*n - 235. Give z(-4).
5
Let l(h) = 15*h**3 - 4*h**2 + 5*h + 1. Determine l(3).
385
Let u(k) = -5*k**2 - 25*k - 88. Give u(-3).
-58
Let f(o) = 2511*o + 62781. Give f(-25).
6
Let j(u) = 2*u**2 + 54*u - 62. Give j(-28).
-6
Let w(n) = 2*n**2 + 12*n - 554. What is w(-20)?
6
Let z(t) = 2189*t + 2130. What is z(-1)?
-59
Let c(b) = -b + 122. Calculate c(131).
-9
Let k(g) = -15*g + 8. What is k(1)?
-7
Let h(v) = -45*v**2 + 6*v - 19. What is h(-2)?
-211
Let w(c) = 13108*c - 13114. What is w(1)?
-6
Let m(l) = 35*l + 408. Give m(-12).
-12
Let w(r) = -23*r**2 + 2324*r - 10. What is w(101)?
91
Let v(p) = -25*p - 39. Determine v(-4).
61
Let t(b) = -6*b**2 - 99*b - 273. What is t(-3)?
-30
Let n(u) = u**3 - 22*u**2 - 50*u + 35. Determine n(24).
-13
Let m(b) = -2*b**3 - 12*b**2 - 22*b - 23. Calculate m(-5).
37
Let o(y) = 2*y**2 - 35*y + 89. Determine o(14).
-9
Let g(j) = -j**2 - 223*j - 7172. What is g(-39)?
4
Let j(o) = -o**3 + 31*o**2 - 5*o + 63. Determine j(31).
-92
Let q(v) = 51*v**2 + 6832*v - 258. Determine q(-134).
10
Let y(c) = 6*c**2 + 3*c. Calculate y(-1).
3
Let u(o) = -o**3 - 60*o**2 + 1373*o - 2425. What is u(-78)?
-7
Let k(d) = 14*d**3 - 6*d**2 - 6*d + 19. Calculate k(2).
95
Let h(z) = 81*z**2 - 4050*z + 2. Give h(50).
2
Let g(w) = w**3 - 3*w**2 + 14*w - 46. What is g(3)?
-4
Let o(d) = 130*d - 1642. Calculate o(12).
-82
Let t(s) = -425*s**2 - 2528*s + 132. Give t(-6).
0
Let k(j) = -j**3 - 10*j**2 + 12*j + 43. What is k(-6)?
-173
Let j(s) = -s**2 - 59*s - 289. Determine j(-5).
-19
Let p(t) = t**3 - 3*t**2 + 18*t - 34. What is p(2)?
-2
Let c(w) = 2*w**3 - 18*w**2 + 61*w - 39. Give c(4).
45
Let a(d) = -610*d + 74. What is a(1)?
-536
Let a(t) = -3*t**2 + 200*t + 467. Give a(69).
-16
Let i(x) = -48*x + 403. What is i(9)?
-29
Let c(n) = 12875*n + 205994. Give c(-16).
-6
Let l(g) = g**2 + 24*g + 179. Calculate l(-14).
39
Let z(h) = h**3 - 33*h**2 + 58*h - 29. Determine z(31).
-153
Let v(y) = -y**3 + 19*y**2 - 13*y - 13. Determine v(19).
-260
Let z(d) = -2*d**2 + 25*d - 66. Give z(5).
9
Let s(d) = 543*d + 2670. Determine s(-5).
-45
Let v(i) = -i**2 - 315*i + 18255. What is v(50)?
5
Let h(l) = 199*l - 7967. Give h(40).
-7
Let r(i) = 2*i**2 + 233*i + 1417. Calculate r(-6).
91
Let s(o) = o**3 + 11*o**2 - 80*o - 833. Calculate s(-8).
-1
Let d(p) = 2*p**3 - 14*p**2 - 84*p + 589. Give d(7).
1
Let k(w) = 420*w - 5430. What is k(13)?
30
Let t(u) = -u**3 + 13*u**2 + 20*u + 110. Give t(15).
-40
Let w(o) = 2*o**3 - 6*o**2 - o - 72. Calculate w(7).
313
Let a(p) = -p**3 - 102*p**2 + 425*p + 89. Give a(-106).
-17
Let o(l) = -17*l + 76. Give o(4).
8
Let f(x) = -2*x**2 - 569*x - 4951. Give f(-9).
8
Let x(g) = -13*g**2 + 9*g - 1. Determine x(1).
-5
Let s(v) = -875*v + 6108. Determine s(7).
-17
Let i(q) = -q**3 - 18*q**2 - 58*q + 86. Calculate i(-13).
-5
Let h(l) = 5*l**3 - 2*l**2 + 10*l - 10. What is h(2)?
42
Let c(p) = -525*p + 1548. Determine c(3).
-27
Let y(g) = 8*g**2 + g - 12. Calculate y(0).
-12
Let q(z) = 8*z**3 - 6*z**2 + 106*z - 436. Determine q(4).
404
Let b(z) = z**3 + 203*z**2 + 197*z - 1009. What is b(-202)?
1
Let s(h) = -316*h - 2566. Give s(-8).
-38
Let k(b) = -2*b**2 - 28*b - 130. Determine k(-7).
-32
Let w(k) = 2*k**3 - 29*k**2 + 59*k - 49. Calculate w(12).
-61
Let c(d) = -183*d**3 - 11*d**2 + 8*d + 4. Give c(1).
-182
Let a(i) = -2*i**3 + 5*i**2 + 17*i - 24. Calculate a(2).
14
Let t(s) = 261*s - 103. What is t(-1)?
-364
Let t(h) = 8*h**3 - 54*h**2 - 3*h - 91. Calculate t(7).
-14
Let k(n) = -873*n - 5231. Determine k(-6).
7
Let x(n) = -4*n**2 + 105*n + 38. Calculate x(27).
-43
Let z(p) = 37*p + 12. Determine z(3).
123
Let q(h) = 18*h**2 - 35*h + 119. Determine q(5).
394
Let v(q) = -9*q + 200. Calculate v(26).
-34
Let f(s) = -75*s + 4379. Determine f(58).
29
Let z(y) = -y**3 + 5*y**2 - 231*y + 681. Calculate z(3).
6
Let w(z) = -9*z - 289. What is w(-40)?
71
Let q(s) = -49*s - 3045. Calculate q(-63).
42
Let h(o) = -o**3 + 6*o**2 - o + 5. Calculate h(7).
-51
Let s(x) = -80*x**2 + 879*x - 9. Give s(11).
-20
Let s(z) = -z**3 + 40*z**2 - 401*z + 26. Determine s(20).
6
Let c(f) = 2*f**2 - 44*f - 178. Give c(-4).
30
Let i(w) = -238*w - 2360. What is i(-10)?
20
Let i(b) = -4*b**2 + 206*b + 375. Calculate i(51).
477
Let r(q) = 161*q + 803. Calculate r(-5).
-2
Let z(t) = t**3 - 12*t**2 + 11*t + 3. Calculate z(10).
-87
Let b(x) = -3*x**2 - 59*x - 65. Calculate b(-4).
123
Let f(t) = 32*t + 111. Determine f(-5).
-49
Let y(n) = -24*n - 400. What is y(-5)?
-280
Let d(t) = -49*t - 367. Give d(-7).
-24
Let u(c) = -97*c**2 - 3197*c - 19. Calculate u(-33).
-151
Let w(r) = 110*r - 1204. Determine w(9).
-214
Let m(c) = -545*c - 581. Calculate m(-1).
-36
Let k(t) = -301*t - 25882. Give k(-86).
4
Let i(c) = 15*c - 210. Calculate i(13).
-15
Let m(c) = -c**3 - c**2 + 28*c + 60. Calculate m(-3).
-6
Let c(y) = -y**2 + 73*y - 896. Calculate c(57).
16
Let o(a) = 18*a**3 + a**2 - 278*a + 277. Determine o(1).
18
Let t(a) = -131*a + 2717. What is t(24)?
-427
Let t(s) = -s**2 - 275*s + 3134. Give t(11).
-12
Let k(i) = i**3 - 5*i**2 + 236*i - 1175. What is k(5)?
5
Let p(o) = -8*o**3 - 2*o**2 + 4*o + 7. Give p(-2).
55
Let h(g) = -41*g - 305. Calculate h(-7).
-18
Let f(u) = 15*u - 154. Give f(20).
146
Let w(v) = -219*v + 31. Determine w(1).
-188
Let x(w) = 4555*w + 31914. Determine x(-7).
29
Let t(b) = -b**3 + 35*b**2 - 56*b + 750. Determine t(34).
2
Let m(r) = -204*r + 2081. Determine m(10).
41
Let d(b) = 27*b**2 - 12*b - 12. What is d(1)?
3
Let p(x) = 86*x**2 + 114*x + 9. What is p(-1)?
-19
Let n(j) = -j**3 - 43*j**2 + 289*j - 2. Calculate n(6).
-32
Let w(b) = -30*b + 2362. Determine w(108).
-878
Let p(o) = 237*o - 1279. Determine p(5).
-94
Let h(w) = 4*w**2 + 64*w + 231. Give h(-5).
11
Let l(o) = -o**3 + 